+ 76 = -2*y, 4*i + y = 124. What are the prime factors of i?
2, 3, 5
Let q be 3 + -2 - (8 + -135). Suppose -4*m = 3*g - q, -4*g - m - 57 = -206. What are the prime factors of g?
2, 3
Let j = -399 + 629. List the prime factors of j.
2, 5, 23
Suppose -5*x - g + 944 = 0, 874 = 4*x + 5*g + 123. List the prime factors of x.
3, 7
Suppose 5*z - 2*z + 4*o - 41 = 0, 4*z - o - 23 = 0. Suppose 27 = z*f - 4*f. List the prime factors of f.
3
Suppose -9*b + 4*b + 20 = 0. Suppose -b*g - 11 = -99. What are the prime factors of g?
2, 11
Let f(w) = -w**2 - 4*w - 1. Let o be f(-3). Suppose -5*b - c + 132 = 0, 2*b - o*c = -b + 74. What are the prime factors of b?
2, 13
Let w = 65 + -9. What are the prime factors of w?
2, 7
Let c(h) = -h + 15. Let p be c(0). Suppose -j + 6*j + 1 = -k, 0 = -3*j. Let n = p + k. List the prime factors of n.
2, 7
List the prime factors of 3/(-21) + (-44)/(-14).
3
List the prime factors of (-172)/(-8)*(0 - -2 - 0).
43
Let x(b) be the second derivative of 7*b**3/3 - b**2/2 + 2*b. List the prime factors of x(2).
3
Let c(d) = d**3 + 5*d**2 + d + 1. Let p be c(-3). Suppose -a + p = a. List the prime factors of a.
2
What are the prime factors of 8/12 + -1 + (-214)/(-3)?
71
Let d = 48 - 20. Suppose 6*p - 2*p - d = 0. What are the prime factors of p?
7
Let f(w) = w**2 + 2*w - 1. Let r be f(-3). Let h = 14 - r. What are the prime factors of h?
2, 3
Let w(m) = -m**3 - 3*m**2 + m - 8. What are the prime factors of w(-6)?
2, 47
Suppose 10*k = -195 + 1145. List the prime factors of k.
5, 19
Let j(t) be the third derivative of -t**6/120 - t**5/10 + 5*t**4/24 + 4*t**3/3 + 4*t**2. What are the prime factors of j(-7)?
2, 11
Let t be 2/(((-10)/4)/5). Let n = t - -6. Suppose j - 24 = -j + 2*f, 0 = n*j - 3*f - 25. List the prime factors of j.
11
Suppose -2*n - 88 = -0*n - 5*q, -4*n - 200 = 2*q. Let v = -13 - n. Suppose -3*j = -3*u + v, -5*u + u + 5*j + 48 = 0. List the prime factors of u.
2, 3
Let n(z) = 8*z - 6. Let s(l) = l**2 + l - 1. Let i be s(-3). Let a be n(i). Suppose 0 = -4*o + 2 + a. What are the prime factors of o?
3
Suppose -i - 3*g - 4 = -0, 5*g + 10 = -5*i. Let y(r) = 0 - 3 + 2 - 9*r. What are the prime factors of y(i)?
2
Let k(h) = -h**3 + 23*h**2 - 10*h + 51. What are the prime factors of k(22)?
3, 5, 7
Suppose 4*m - 4*o - 160 = -o, -16 = 4*o. List the prime factors of m.
37
Let s(i) = 2*i + 0 + 2 + 0 + 2*i. Let q be s(-3). Let p = q + 16. What are the prime factors of p?
2, 3
Let h(x) = 2*x**2 - 13*x + 8. Let g be h(9). Let z = -20 + g. What are the prime factors of z?
3, 11
Let c(s) = 2*s - 4. Suppose f = -2*i + 16, 0*f + 3*f - 6 = i. What are the prime factors of c(i)?
2
Let t(v) = v + 54. What are the prime factors of t(10)?
2
Let i be ((-15 - -2)*1)/(-1). Let u = -24 + i. What are the prime factors of (1 + -2)*(u - 2)?
13
Let r = 432 - 240. Suppose -5*v = 22 - r. List the prime factors of v.
2, 17
Suppose -5*u - 2*r + 50 = -4*r, 0 = -5*u + 5*r + 35. Suppose -5*d = -u - 8. Suppose d*q - 15 - 29 = 0. What are the prime factors of q?
11
Suppose -t = -6*t + 4*n + 390, 4*t + 3*n - 281 = 0. What are the prime factors of t?
2, 37
Suppose -3*t = 3*t - 168. List the prime factors of t.
2, 7
Let m(h) = -h**2 + 3*h + 4. Let n be m(4). Suppose n = -3*s - 4*q + 41, 5*q = -2 - 3. Let j = s - 8. List the prime factors of j.
7
Suppose -713 = -4*o - 141. List the prime factors of o.
11, 13
Let z(r) = 44*r + 9. What are the prime factors of z(5)?
229
Let x(f) = f**3 - 8*f**2 + 7*f + 3. Let j be x(7). Suppose j*i - 12 = 2*i. List the prime factors of i.
2, 3
Let z(g) = 5*g - 10. List the prime factors of z(8).
2, 3, 5
Suppose -6*l - 3*l = -1368. What are the prime factors of l?
2, 19
Let l = -131 - -188. What are the prime factors of l?
3, 19
Let h = 1 - -2. Suppose 0 = q - 5*d + 5, -2*d + 0*d - 11 = -h*q. Let o(z) = z**3 - 6*z**2 + 6*z + 3. What are the prime factors of o(q)?
2
Suppose 1652 = -10*t + 5032. List the prime factors of t.
2, 13
Suppose -4*d + 40 = -9*d. Let x(g) be the second derivative of -g**4/12 - 4*g**3/3 + 4*g**2 + 14*g. What are the prime factors of x(d)?
2
Let p(y) = -3*y**2 + 4*y - 3. Suppose -10 + 1 = -3*z. Let r be p(z). List the prime factors of (4/(-3))/(4/r).
2, 3
Let l be (-8)/28 - (-46)/14. Suppose h + 22 = l*h. Suppose -4*g + 2*d = -24, g + 3*d - d = h. What are the prime factors of g?
7
Suppose 0 = 2*z - 25 - 91. List the prime factors of z.
2, 29
Let c(u) = u - 5. Let f be (-86)/(-18) - 8/(-36). Let z be c(f). What are the prime factors of 4 - (z/2 + -1)?
5
List the prime factors of (-1)/(-10) + 94688/320.
2, 37
Suppose -3*j + 121 = 7. List the prime factors of j.
2, 19
What are the prime factors of (-237)/(-9) + 10/15?
3
Suppose 0 = 5*n + 2 + 3, 0 = -5*p - 5*n - 5. Let r be (-3 - p/1) + 42. Suppose 4*j = -4*t + 135 - r, -80 = -5*j + 5*t. List the prime factors of j.
2, 5
What are the prime factors of (-27)/2*14/(-7)?
3
Suppose -6 = 2*r - 3*r - 5*x, 4*r - 2*x + 20 = 0. Let z = 2 - r. List the prime factors of 0 - (-4 - -2)*z.
2, 3
What are the prime factors of 2/5 - 894/(-15)?
2, 3, 5
List the prime factors of ((-7)/21)/((-2)/198).
3, 11
Let s(y) = 13*y**2 + 6*y + 13. List the prime factors of s(-4).
197
What are the prime factors of 16/144 - 664/(-18)?
37
Let h(x) = -x**2 - 3*x + 7. Suppose -8 + 4 = f. Let w(s) = -s**2 - 3*s + 7. Let l(t) = f*w(t) + 3*h(t). List the prime factors of l(-6).
11
Suppose -7*o = 3*o - 1270. List the prime factors of o.
127
Let o = 2 + 4. Let h = 2 - o. What are the prime factors of (14/h)/(1/(-2))?
7
Suppose 8*y - 2*y - 1020 = 0. List the prime factors of y.
2, 5, 17
Let i = -19 - -17. List the prime factors of ((-1)/i)/(2/60).
3, 5
Let a = 22 + 28. List the prime factors of a.
2, 5
Let m(y) be the third derivative of -3/20*y**5 + 11/6*y**3 - 2*y**2 + 1/120*y**6 + 0*y + 0 - 1/24*y**4. List the prime factors of m(9).
2
Suppose -y + 0 + 4 = 0. Suppose 3*x = -x - 5*n + 79, -4*x + 76 = y*n. Let m = -9 + x. List the prime factors of m.
7
Let y(n) = -3*n**3 + 6*n**2 + 8*n + 4. List the prime factors of y(-3).
5, 23
Suppose -8*c + 4*c = -136. What are the prime factors of c?
2, 17
Let h = -80 - -265. List the prime factors of h.
5, 37
Suppose 254 = 5*s - 4*v, 2*v + 3*v + 55 = s. What are the prime factors of s?
2, 5
Let x(w) be the third derivative of w**6/180 - w**5/60 + w**4/12 - w**2. Let o(u) be the second derivative of x(u). What are the prime factors of o(3)?
2, 5
Let u(c) = -3*c + 2. Let o be u(-4). Suppose -10 - o = -2*a. List the prime factors of a.
2, 3
Let b = -198 + 137. List the prime factors of (-1)/2*(-1 + b).
31
Let q(a) = 32*a - 13. List the prime factors of q(3).
83
Suppose 5*l = 4*a - 35, 0 = a + l - 2 - 0. Let w = a + -3. Suppose 5*f = -w*t + 9, 3*t + 8 = -1. List the prime factors of f.
3
Suppose -5*g = -g - 176. Suppose 3*n = -o + 51, -3*n + 3*o + 19 + g = 0. What are the prime factors of n + 5/((-5)/(-3))?
3, 7
Suppose 8 = 3*d + 2*g, -2*g = 3*d + g - 12. Suppose -4*a + 5*r + 41 = d, 4*a - 11 = -3*r + 2*r. List the prime factors of a.
2
Suppose 2*t + 34 = 5*l - 0, -l = -t - 14. Let d(g) = -g**3 - 13*g**2 - 14*g - 16. Let u be d(t). List the prime factors of u - 1*(1 - 3).
2, 5
Let u = 85 - 40. What are the prime factors of u?
3, 5
Let h(l) = 10*l - 3. Let k be h(-4). Let m = 81 + k. List the prime factors of m.
2, 19
Suppose -4*h + 725 = 3*x, -4*x + 5*h = 487 - 1495. List the prime factors of x.
13, 19
Suppose 1272 = 5*r - 4*u, 6*r = r - 2*u + 1254. List the prime factors of r.
2, 3, 7
Let x(c) be the first derivative of c**4/4 + 2*c**3/3 - c**2 - 2*c + 1. What are the prime factors of x(2)?
2, 5
Let t = 10 - 4. Suppose t*j = j. Suppose j*o = -2*o + 40. What are the prime factors of o?
2, 5
Let z(x) = -6 + x**2 - 2*x + 11*x**2 + 0*x**3 - x**3 - 20*x**2. Let y be z(-8). Let b = 16 - y. What are the prime factors of b?
2, 3
Suppose -t = -4*q - 5 + 38, 2*q = -5*t + 33. What are the prime factors of q?
3
Suppose -18*s - 75 = -21*s. List the prime factors of s.
5
Let l = -3 + 5. Let g(f) = 6*f**2 - 4*f + 3. What are the prime factors of g(l)?
19
Let d(i) = 8*i**2 - i - 2. List the prime factors of d(-3).
73
What are the prime factors of 1 - 1*12/(-1)?
13
List the prime factors of ((-30)/(-24))/(2/104).
5, 13
Suppose 5*t = n - 5*n + 759, 5*t = -5*n + 760. List the prime factors